{"id":1236,"date":"2020-10-11T16:23:07","date_gmt":"2020-10-11T19:23:07","guid":{"rendered":"https:\/\/ensaltagracia-cba.infd.edu.ar\/sitio\/?page_id=1236"},"modified":"2020-10-11T16:23:07","modified_gmt":"2020-10-11T19:23:07","slug":"plan-de-estudio-pep","status":"publish","type":"page","link":"https:\/\/ensaltagracia-cba.infd.edu.ar\/sitio\/plan-de-estudio-pep\/","title":{"rendered":"Plan de estudio PEP"},"content":{"rendered":"<table width=\"1020\">\n<tbody>\n<tr>\n<td width=\"531\"><strong>Primer a\u00f1o<\/strong><\/td>\n<td width=\"287\"><strong>Formato curricular<\/strong><\/td>\n<td width=\"61\"><strong>Anual<\/strong><\/td>\n<td width=\"69\"><strong>1\u00ba cuat.<\/strong><\/td>\n<td width=\"72\"><strong>2<\/strong><strong><sup>o<\/sup><\/strong><strong>\u00a0cuat.<\/strong><\/td>\n<\/tr>\n<tr>\n<td width=\"531\">Pedagog\u00eda<\/td>\n<td width=\"287\">Asignatura<\/td>\n<td width=\"61\">\u2022<\/td>\n<td width=\"69\">&nbsp;<\/td>\n<td width=\"72\">&nbsp;<\/td>\n<\/tr>\n<tr>\n<td width=\"531\">Problem\u00e1ticas Socioantropol\u00f3gicas en Educaci\u00f3n<\/td>\n<td width=\"287\">Seminario<\/td>\n<td width=\"61\">\u2022<\/td>\n<td width=\"69\">&nbsp;<\/td>\n<td width=\"72\">&nbsp;<\/td>\n<\/tr>\n<tr>\n<td width=\"531\">Psicolog\u00eda y Educaci\u00f3n<\/td>\n<td width=\"287\">Asignatura<\/td>\n<td width=\"61\">\u2022<\/td>\n<td width=\"69\">&nbsp;<\/td>\n<td width=\"72\">&nbsp;<\/td>\n<\/tr>\n<tr>\n<td width=\"531\">Argentina en el Mundo Contempor\u00e1neo<\/td>\n<td width=\"287\">Asignatura<\/td>\n<td width=\"61\">\u2022<\/td>\n<td width=\"69\">&nbsp;<\/td>\n<td width=\"72\">&nbsp;<\/td>\n<\/tr>\n<tr>\n<td width=\"531\">Lenguaje Digital y Audiovisual<\/td>\n<td width=\"287\">Taller<\/td>\n<td width=\"61\">\u2022<\/td>\n<td width=\"69\">&nbsp;<\/td>\n<td width=\"72\">&nbsp;<\/td>\n<\/tr>\n<tr>\n<td width=\"531\">Lenguaje Corporal<\/td>\n<td width=\"287\">Taller<\/td>\n<td width=\"61\">\u2022<\/td>\n<td width=\"69\">&nbsp;<\/td>\n<td width=\"72\">&nbsp;<\/td>\n<\/tr>\n<tr>\n<td width=\"531\">Pr\u00e1ctica Docente I: Contextos y Pr\u00e1cticas Educativas<\/td>\n<td width=\"287\">Seminario \u2013 Taller Integrador<\/td>\n<td width=\"61\">\u2022<\/td>\n<td width=\"69\">&nbsp;<\/td>\n<td width=\"72\">&nbsp;<\/td>\n<\/tr>\n<tr>\n<td width=\"531\">Desarrollo del Pensamiento Matem\u00e1tico<\/td>\n<td width=\"287\">Taller<\/td>\n<td width=\"61\">\u2022<\/td>\n<td width=\"69\">&nbsp;<\/td>\n<td width=\"72\">&nbsp;<\/td>\n<\/tr>\n<tr>\n<td width=\"531\">Oralidad, Lectura y Escritura<\/td>\n<td width=\"287\">Taller<\/td>\n<td width=\"61\"><\/td>\n<td width=\"69\">&nbsp;<\/td>\n<td width=\"72\">&nbsp;<\/td>\n<\/tr>\n<tr>\n<td width=\"531\">Alfabetizaci\u00f3n en Lengua Inglesa<\/td>\n<td width=\"287\">Asignatura<\/td>\n<td width=\"61\">\u00b7<\/td>\n<td width=\"69\">&nbsp;<\/td>\n<td width=\"72\">&nbsp;<\/td>\n<\/tr>\n<tr>\n<td width=\"531\"><strong>Segundo a\u00f1o<\/strong><\/td>\n<td width=\"287\"><strong>Formato curricular<\/strong><\/td>\n<td width=\"61\"><strong>Anual<\/strong><\/td>\n<td width=\"69\"><strong>1<\/strong><strong><sup>\u00ba\u00a0<\/sup><\/strong><strong>cuat.<\/strong><\/td>\n<td width=\"72\"><strong>2<\/strong><strong><sup>o<\/sup><\/strong><strong>\u00a0cuat.<\/strong><\/td>\n<\/tr>\n<tr>\n<td width=\"531\">Filosof\u00eda y Educaci\u00f3n<\/td>\n<td width=\"287\">Asignatura<\/td>\n<td width=\"61\">\u2022<\/td>\n<td width=\"69\">&nbsp;<\/td>\n<td width=\"72\">&nbsp;<\/td>\n<\/tr>\n<tr>\n<td width=\"531\">Did\u00e1ctica General<\/td>\n<td width=\"287\">Asignatura<\/td>\n<td width=\"61\">\u2022<\/td>\n<td width=\"69\">&nbsp;<\/td>\n<td width=\"72\">&nbsp;<\/td>\n<\/tr>\n<tr>\n<td width=\"531\">Pr\u00e1ctica Docente II: Escuelas, Historias Documentadas y Cotidianeidad<\/td>\n<td width=\"287\">Seminario \u2013 Taller Integrador<\/td>\n<td width=\"61\">\u2022<\/td>\n<td width=\"69\">&nbsp;<\/td>\n<td width=\"72\">&nbsp;<\/td>\n<\/tr>\n<tr>\n<td width=\"531\">Matem\u00e1tica y su Did\u00e1ctica I<\/td>\n<td width=\"287\">Asignatura<\/td>\n<td width=\"61\">\u2022<\/td>\n<td width=\"69\">&nbsp;<\/td>\n<td width=\"72\">&nbsp;<\/td>\n<\/tr>\n<tr>\n<td width=\"531\">Lengua y su Did\u00e1ctica<\/td>\n<td width=\"287\">Asignatura<\/td>\n<td width=\"61\">\u00a0\u2022<\/td>\n<td width=\"69\">&nbsp;<\/td>\n<td width=\"72\">&nbsp;<\/td>\n<\/tr>\n<tr>\n<td width=\"531\">Ciencias Sociales y su Did\u00e1ctica I<\/td>\n<td width=\"287\">Asignatura<\/td>\n<td width=\"61\">\u00a0\u2022<\/td>\n<td width=\"69\">&nbsp;<\/td>\n<td width=\"72\">&nbsp;<\/td>\n<\/tr>\n<tr>\n<td width=\"531\">Ciencias Naturales y su Did\u00e1ctica I<\/td>\n<td width=\"287\">Asignatura<\/td>\n<td width=\"61\">\u2022<\/td>\n<td width=\"69\">&nbsp;<\/td>\n<td width=\"72\">&nbsp;<\/td>\n<\/tr>\n<tr>\n<td width=\"531\">Sujetos de la Educaci\u00f3n y Convivencia Escolar<\/td>\n<td width=\"287\">Seminario<\/td>\n<td width=\"61\">\u00a0\u2022<\/td>\n<td width=\"69\">&nbsp;<\/td>\n<td width=\"72\">&nbsp;<\/td>\n<\/tr>\n<tr>\n<td width=\"531\">Lenguaje Art\u00edstico Expresivo<\/td>\n<td width=\"287\">Taller<\/td>\n<td width=\"61\">\u2022<\/td>\n<td width=\"69\">&nbsp;<\/td>\n<td width=\"72\">&nbsp;<\/td>\n<\/tr>\n<tr>\n<td width=\"531\">Alfabetizaci\u00f3n en Lengua Inglesa<\/td>\n<td width=\"287\">Asignatura<\/td>\n<td width=\"61\">\u2022<\/td>\n<td width=\"69\">&nbsp;<\/td>\n<td width=\"72\">&nbsp;<\/td>\n<\/tr>\n<tr>\n<td width=\"531\"><strong>Tercer A\u00f1o<\/strong><\/td>\n<td width=\"287\"><strong>Formato curricular<\/strong><\/td>\n<td width=\"61\"><strong>Anual<\/strong><\/td>\n<td width=\"69\"><strong>1<\/strong><strong><sup>\u00ba\u00a0<\/sup><\/strong><strong>cuat.<\/strong><\/td>\n<td width=\"72\"><strong>2<\/strong><strong><sup>o\u00a0<\/sup><\/strong><strong>cuat.<\/strong><\/td>\n<\/tr>\n<tr>\n<td width=\"531\">Historia y Pol\u00edtica de la Educaci\u00f3n Argentina<\/td>\n<td width=\"287\">Asignatura<\/td>\n<td width=\"61\">\u2022<\/td>\n<td width=\"69\">&nbsp;<\/td>\n<td width=\"72\">&nbsp;<\/td>\n<\/tr>\n<tr>\n<td width=\"531\">Pr\u00e1ctica Docente III: El Aula, Espacio del Aprender y del Ense\u00f1ar<\/td>\n<td width=\"287\">Seminario \u2013 Taller Integrador<\/td>\n<td width=\"61\">\u2022<\/td>\n<td width=\"69\">&nbsp;<\/td>\n<td width=\"72\">&nbsp;<\/td>\n<\/tr>\n<tr>\n<td width=\"531\">Matem\u00e1tica y su Did\u00e1ctica II<\/td>\n<td width=\"287\">Asignatura<\/td>\n<td width=\"61\">\u2022<\/td>\n<td width=\"69\">&nbsp;<\/td>\n<td width=\"72\">&nbsp;<\/td>\n<\/tr>\n<tr>\n<td width=\"531\">Literatura en el Nivel Primario<\/td>\n<td width=\"287\">Asignatura<\/td>\n<td width=\"61\">\u2022<\/td>\n<td width=\"69\">&nbsp;<\/td>\n<td width=\"72\">&nbsp;<\/td>\n<\/tr>\n<tr>\n<td width=\"531\">Alfabetizaci\u00f3n Inicial<\/td>\n<td width=\"287\">Seminario<\/td>\n<td width=\"61\">\u2022<\/td>\n<td width=\"69\">&nbsp;<\/td>\n<td width=\"72\">&nbsp;<\/td>\n<\/tr>\n<tr>\n<td width=\"531\">Ciencias Sociales y su Did\u00e1ctica II<\/td>\n<td width=\"287\">Asignatura<\/td>\n<td width=\"61\">\u2022<\/td>\n<td width=\"69\">&nbsp;<\/td>\n<td width=\"72\">&nbsp;<\/td>\n<\/tr>\n<tr>\n<td width=\"531\">Ciencias Naturales y su Did\u00e1ctica II<\/td>\n<td width=\"287\">Asignatura<\/td>\n<td width=\"61\">\u2022<\/td>\n<td width=\"69\">&nbsp;<\/td>\n<td width=\"72\">&nbsp;<\/td>\n<\/tr>\n<tr>\n<td width=\"531\">Taller de Ciencias en la Escuela<\/td>\n<td width=\"287\">Taller<\/td>\n<td width=\"61\">\u00a0\u00a0\u2022<\/td>\n<td width=\"69\"><\/td>\n<td width=\"72\">&nbsp;<\/td>\n<\/tr>\n<tr>\n<td width=\"531\">TIC y la Ense\u00f1anza en el Nivel\u00a0 Primario<\/td>\n<td width=\"287\">Taller<\/td>\n<td width=\"61\">\u00a0\u00a0\u2022<\/td>\n<td width=\"69\">&nbsp;<\/td>\n<td width=\"72\">\u2022<\/td>\n<\/tr>\n<tr>\n<td width=\"531\">Educaci\u00f3n Art\u00edstico Expresiva<\/td>\n<td width=\"287\">Taller<\/td>\n<td width=\"61\">\u2022<\/td>\n<td width=\"69\">&nbsp;<\/td>\n<td width=\"72\">&nbsp;<\/td>\n<\/tr>\n<tr>\n<td width=\"531\">Alfabetizaci\u00f3n en Lengua Inglesa<\/td>\n<td width=\"287\">Asignatura<\/td>\n<td width=\"61\">\u2022<\/td>\n<td width=\"69\">&nbsp;<\/td>\n<td width=\"72\">&nbsp;<\/td>\n<\/tr>\n<tr>\n<td width=\"531\">Introducci\u00f3n a la Educaci\u00f3n Rural<\/td>\n<td width=\"287\">Seminario<\/td>\n<td width=\"61\">\u2022<\/td>\n<td width=\"69\">&nbsp;<\/td>\n<td width=\"72\">&nbsp;<\/td>\n<\/tr>\n<tr>\n<td width=\"531\"><strong>Cuarto A\u00f1o<\/strong><\/td>\n<td width=\"287\"><strong>Formato curricular<\/strong><\/td>\n<td width=\"61\"><strong>Anual<\/strong><\/td>\n<td width=\"69\"><strong>1<\/strong><strong><sup>\u00ba\u00a0<\/sup><\/strong><strong>cuat<\/strong><\/td>\n<td width=\"72\"><strong>2<\/strong><strong><sup>\u00ba\u00a0<\/sup><\/strong><strong>cuat<\/strong><\/td>\n<\/tr>\n<tr>\n<td width=\"531\">\u00c9tica y Construcci\u00f3n de Ciudadan\u00eda<\/td>\n<td width=\"287\">Seminario<\/td>\n<td width=\"61\">\u2022<\/td>\n<td width=\"69\">&nbsp;<\/td>\n<td width=\"72\">&nbsp;<\/td>\n<\/tr>\n<tr>\n<td width=\"531\">Pr\u00e1ctica Docente IV y Residencia: Recrear las Pr\u00e1cticas Docentes<\/td>\n<td width=\"287\">Seminario \u2013 Ateneo y tutor\u00eda<\/td>\n<td width=\"61\">\u2022<\/td>\n<td width=\"69\">&nbsp;<\/td>\n<td width=\"72\">&nbsp;<\/td>\n<\/tr>\n<tr>\n<td width=\"531\">Problem\u00e1ticas y Desaf\u00edos del Nivel Primario<\/td>\n<td width=\"287\">Seminario<\/td>\n<td width=\"61\">\u2022<\/td>\n<td width=\"69\">&nbsp;<\/td>\n<td width=\"72\">&nbsp;<\/td>\n<\/tr>\n<tr>\n<td width=\"531\">Educaci\u00f3n F\u00edsica en el Nivel Primario<\/td>\n<td width=\"287\">Seminario<\/td>\n<td width=\"61\">\u2022<\/td>\n<td width=\"69\">&nbsp;<\/td>\n<td width=\"72\">&nbsp;<\/td>\n<\/tr>\n<tr>\n<td width=\"531\">Educaci\u00f3n Sexual Integral<\/td>\n<td width=\"287\">Seminario<\/td>\n<td width=\"61\">\u2022<\/td>\n<td width=\"69\">&nbsp;<\/td>\n<td width=\"72\">&nbsp;<\/td>\n<\/tr>\n<tr>\n<td width=\"531\">Ateneos: Matem\u00e1tica, Lengua, Cs. Sociales, Cs. Naturales<\/td>\n<td width=\"287\">Ateneo\/tutor\u00eda<\/td>\n<td width=\"61\">\u2022<\/td>\n<td width=\"69\">&nbsp;<\/td>\n<td width=\"72\">&nbsp;<\/td>\n<\/tr>\n<tr>\n<td width=\"531\">Trabajo de Campo<\/td>\n<td width=\"287\">Taller<\/td>\n<td width=\"61\">\u2022<\/td>\n<td width=\"69\">&nbsp;<\/td>\n<td width=\"72\">&nbsp;<\/td>\n<\/tr>\n<\/tbody>\n<\/table>\n","protected":false},"excerpt":{"rendered":"<p>Primer a\u00f1o Formato curricular Anual 1\u00ba cuat. 2o\u00a0cuat. Pedagog\u00eda Asignatura \u2022 &nbsp; &nbsp; Problem\u00e1ticas Socioantropol\u00f3gicas en Educaci\u00f3n Seminario \u2022 &nbsp; &nbsp; Psicolog\u00eda y Educaci\u00f3n Asignatura \u2022 &nbsp; &nbsp; Argentina en el Mundo Contempor\u00e1neo Asignatura \u2022 &nbsp; &nbsp; Lenguaje Digital y Audiovisual Taller \u2022 &nbsp; &nbsp; Lenguaje Corporal Taller \u2022 &nbsp; &nbsp; Pr\u00e1ctica Docente I: Contextos &#8230; <a title=\"Plan de estudio PEP\" class=\"read-more\" href=\"https:\/\/ensaltagracia-cba.infd.edu.ar\/sitio\/plan-de-estudio-pep\/\" aria-label=\"More on Plan de estudio PEP\">[+]<\/a><\/p>\n","protected":false},"author":518,"featured_media":0,"parent":0,"menu_order":0,"comment_status":"closed","ping_status":"closed","template":"","meta":[],"acf":[],"_links":{"self":[{"href":"https:\/\/ensaltagracia-cba.infd.edu.ar\/sitio\/wp-json\/wp\/v2\/pages\/1236"}],"collection":[{"href":"https:\/\/ensaltagracia-cba.infd.edu.ar\/sitio\/wp-json\/wp\/v2\/pages"}],"about":[{"href":"https:\/\/ensaltagracia-cba.infd.edu.ar\/sitio\/wp-json\/wp\/v2\/types\/page"}],"author":[{"embeddable":true,"href":"https:\/\/ensaltagracia-cba.infd.edu.ar\/sitio\/wp-json\/wp\/v2\/users\/518"}],"replies":[{"embeddable":true,"href":"https:\/\/ensaltagracia-cba.infd.edu.ar\/sitio\/wp-json\/wp\/v2\/comments?post=1236"}],"version-history":[{"count":1,"href":"https:\/\/ensaltagracia-cba.infd.edu.ar\/sitio\/wp-json\/wp\/v2\/pages\/1236\/revisions"}],"predecessor-version":[{"id":1237,"href":"https:\/\/ensaltagracia-cba.infd.edu.ar\/sitio\/wp-json\/wp\/v2\/pages\/1236\/revisions\/1237"}],"wp:attachment":[{"href":"https:\/\/ensaltagracia-cba.infd.edu.ar\/sitio\/wp-json\/wp\/v2\/media?parent=1236"}],"curies":[{"name":"wp","href":"https:\/\/api.w.org\/{rel}","templated":true}]}}