{"id":759,"date":"2018-08-30T12:15:39","date_gmt":"2018-08-30T15:15:39","guid":{"rendered":"https:\/\/ensaltagracia-cba.infd.edu.ar\/sitio\/profesorado-de-educacion-primaria\/"},"modified":"2023-07-27T22:11:33","modified_gmt":"2023-07-28T01:11:33","slug":"profesorado-de-educacion-primaria","status":"publish","type":"page","link":"https:\/\/ensaltagracia-cba.infd.edu.ar\/sitio\/profesorado-de-educacion-primaria\/","title":{"rendered":"Profesorado de Educaci\u00f3n Primaria"},"content":{"rendered":"<p><strong>Duraci\u00f3n:<\/strong> 4 a\u00f1os<\/p>\n<p><strong>Creaci\u00f3n:<\/strong> 1975<\/p>\n<p><strong>Modalidad: <\/strong>presencial<\/p>\n<p><strong>Horario de cursada en la presencialidad: <\/strong>Lunes a Viernes de 18:30 a 22:30 hs<\/p>\n<p><strong>T\u00edtulo otorgado:<\/strong> Profesor\/a de Educaci\u00f3n Primaria<\/p>\n<p><strong>Validez:<\/strong> nacional<\/p>\n<p><strong>Campo ocupacional: <\/strong>El Profesor de Educaci\u00f3n Primaria puede ejercer la docencia primaria con ni\u00f1os\/as y adultos\/as, en escuelas primarias urbanas y rurales, diurnas y nocturnas y en centros de alfabetizaci\u00f3n.<\/p>\n<p><strong>DISE\u00d1O CURRICULAR: <img decoding=\"async\" loading=\"lazy\" class=\"alignnone size-full wp-image-2003\" src=\"https:\/\/ensaltagracia-cba.infd.edu.ar\/sitio\/wp-content\/uploads\/2022\/06\/manito-copia.jpg\" alt=\"\" width=\"34\" height=\"30\" \/><\/strong> <a href=\"https:\/\/ensaltagracia-cba.infd.edu.ar\/sitio\/wp-content\/uploads\/2023\/07\/Disenio_Curr_Primaria_2015-COMPLETO.pdf\">DESCARGAR<\/a><\/p>\n","protected":false},"excerpt":{"rendered":"<p>Duraci\u00f3n: 4 a\u00f1os Creaci\u00f3n: 1975 Modalidad: presencial Horario de cursada en la presencialidad: Lunes a Viernes de 18:30 a 22:30 hs T\u00edtulo otorgado: Profesor\/a de Educaci\u00f3n Primaria Validez: nacional Campo ocupacional: El Profesor de Educaci\u00f3n Primaria puede ejercer la docencia primaria con ni\u00f1os\/as y adultos\/as, en escuelas primarias urbanas y rurales, diurnas y nocturnas y &#8230; <a title=\"Profesorado de Educaci\u00f3n Primaria\" class=\"read-more\" href=\"https:\/\/ensaltagracia-cba.infd.edu.ar\/sitio\/profesorado-de-educacion-primaria\/\" aria-label=\"More on Profesorado de Educaci\u00f3n Primaria\">[+]<\/a><\/p>\n","protected":false},"author":259,"featured_media":0,"parent":0,"menu_order":0,"comment_status":"closed","ping_status":"closed","template":"","meta":[],"acf":[],"_links":{"self":[{"href":"https:\/\/ensaltagracia-cba.infd.edu.ar\/sitio\/wp-json\/wp\/v2\/pages\/759"}],"collection":[{"href":"https:\/\/ensaltagracia-cba.infd.edu.ar\/sitio\/wp-json\/wp\/v2\/pages"}],"about":[{"href":"https:\/\/ensaltagracia-cba.infd.edu.ar\/sitio\/wp-json\/wp\/v2\/types\/page"}],"author":[{"embeddable":true,"href":"https:\/\/ensaltagracia-cba.infd.edu.ar\/sitio\/wp-json\/wp\/v2\/users\/259"}],"replies":[{"embeddable":true,"href":"https:\/\/ensaltagracia-cba.infd.edu.ar\/sitio\/wp-json\/wp\/v2\/comments?post=759"}],"version-history":[{"count":3,"href":"https:\/\/ensaltagracia-cba.infd.edu.ar\/sitio\/wp-json\/wp\/v2\/pages\/759\/revisions"}],"predecessor-version":[{"id":2284,"href":"https:\/\/ensaltagracia-cba.infd.edu.ar\/sitio\/wp-json\/wp\/v2\/pages\/759\/revisions\/2284"}],"wp:attachment":[{"href":"https:\/\/ensaltagracia-cba.infd.edu.ar\/sitio\/wp-json\/wp\/v2\/media?parent=759"}],"curies":[{"name":"wp","href":"https:\/\/api.w.org\/{rel}","templated":true}]}}