{"id":787,"date":"2018-08-30T12:15:51","date_gmt":"2018-08-30T15:15:51","guid":{"rendered":"https:\/\/ensaltagracia-cba.infd.edu.ar\/sitio\/historia\/"},"modified":"2021-02-17T18:37:59","modified_gmt":"2021-02-17T21:37:59","slug":"historia","status":"publish","type":"page","link":"https:\/\/ensaltagracia-cba.infd.edu.ar\/sitio\/historia\/","title":{"rendered":"Historia"},"content":{"rendered":"<p>La escuela se crea a partir de la gesti\u00f3n de un grupo de j\u00f3venes de Alta Gracia que formaron la llamada Junta Juvenil, entre ellos podemos nombrar a Carlos Antonello, Rodolfo Ruarte, Enrique Montamat y Tom\u00e1s Garc\u00eda Vieyra. Conociendo el paso por el crucero de Alta Gracia, de la Sra. Mar\u00eda Eva Duarte de Per\u00f3n, la Junta Juvenil decidi\u00f3 arrojar a la comitiva un petitorio solicitando una escuela secundaria para la ciudad. Gracias a esta iniciativa, al a\u00f1o siguiente, el Ministerio de Educaci\u00f3n de la Naci\u00f3n resuelve crear la tan ansiada escuela.<\/p>\n<p><strong>Cronolog\u00eda<\/strong><\/p>\n<p><strong>1950<\/strong>\u00a0\u00a0\u00a0 Creaci\u00f3n del Colegio Nacional de Alta Gracia, que funcionaba en las instalaciones de la Escuela San Mart\u00edn.<\/p>\n<p><strong>1951<\/strong>\u00a0\u00a0\u00a0 Traslado del colegio al edificio ubicado en la calle Rafael Lozada.<\/p>\n<p><strong>1956<\/strong>\u00a0\u00a0\u00a0 Creaci\u00f3n del Magisterio.<\/p>\n<p><strong>1957<\/strong>\u00a0\u00a0\u00a0 Creaci\u00f3n del Departamento de Aplicaci\u00f3n.<\/p>\n<p><strong>1960<\/strong>\u00a0\u00a0\u00a0 Creaci\u00f3n de los Jardines.<\/p>\n<p><strong>1960<\/strong>\u00a0\u00a0\u00a0 Creaci\u00f3n del Comercial Nocturno.<\/p>\n<p><strong>1973<\/strong>\u00a0\u00a0\u00a0 Creaci\u00f3n del Comercial Diurno.<\/p>\n<p><strong>1975\u00a0\u00a0\u00a0 <\/strong>Creaci\u00f3n del Profesorado para la Ense\u00f1anza Primaria.<\/p>\n<p><strong>1990<\/strong>\u00a0\u00a0\u00a0 Traslado al nuevo edificio en calle Jos\u00e9 Hern\u00e1ndez.<\/p>\n<p><strong>1993<\/strong>\u00a0\u00a0\u00a0 Creaci\u00f3n de la Escuela de Comercio a partir de la ENSAG.<\/p>\n<p><strong>1995<\/strong>\u00a0\u00a0\u00a0 Traslado de la escuela a la jurisdicci\u00f3n provincial.<\/p>\n<p><strong>2013<\/strong>\u00a0\u00a0\u00a0\u00a0 Creaci\u00f3n del Profesorado de Educaci\u00f3n Inicial.<\/p>\n<p><img decoding=\"async\" loading=\"lazy\" class=\"\" style=\"float: right;\" title=\"Primer edificio\" src=\"https:\/\/ensaltagracia-cba.infd.edu.ar\/sitio\/wp-content\/uploads\/2018\/08\/ENSAG_primer_edificio.jpg\" alt=\"Primer edificio\" width=\"595\" height=\"548\" border=\"0\" \/><\/p>\n<p><strong>2017<\/strong>\u00a0\u00a0\u00a0\u00a0 Creaci\u00f3n del Profesorado de Educaci\u00f3n Especial<\/p>\n<p>&nbsp;<\/p>\n<p><strong>Fundadores<\/strong><\/p>\n<p><strong>Rector: <\/strong>Antonello, Carlos Alberto<\/p>\n<p><strong>Secretario:<\/strong> Lobos, Carlos M.<\/p>\n<p><strong>Tesorero:<\/strong> Villar, N\u00e9stor A.<\/p>\n","protected":false},"excerpt":{"rendered":"<p>La escuela se crea a partir de la gesti\u00f3n de un grupo de j\u00f3venes de Alta Gracia que formaron la llamada Junta Juvenil, entre ellos podemos nombrar a Carlos Antonello, Rodolfo Ruarte, Enrique Montamat y Tom\u00e1s Garc\u00eda Vieyra. Conociendo el paso por el crucero de Alta Gracia, de la Sra. Mar\u00eda Eva Duarte de Per\u00f3n, &#8230; <a title=\"Historia\" class=\"read-more\" href=\"https:\/\/ensaltagracia-cba.infd.edu.ar\/sitio\/historia\/\" aria-label=\"More on Historia\">[+]<\/a><\/p>\n","protected":false},"author":259,"featured_media":0,"parent":0,"menu_order":0,"comment_status":"closed","ping_status":"closed","template":"","meta":[],"acf":[],"_links":{"self":[{"href":"https:\/\/ensaltagracia-cba.infd.edu.ar\/sitio\/wp-json\/wp\/v2\/pages\/787"}],"collection":[{"href":"https:\/\/ensaltagracia-cba.infd.edu.ar\/sitio\/wp-json\/wp\/v2\/pages"}],"about":[{"href":"https:\/\/ensaltagracia-cba.infd.edu.ar\/sitio\/wp-json\/wp\/v2\/types\/page"}],"author":[{"embeddable":true,"href":"https:\/\/ensaltagracia-cba.infd.edu.ar\/sitio\/wp-json\/wp\/v2\/users\/259"}],"replies":[{"embeddable":true,"href":"https:\/\/ensaltagracia-cba.infd.edu.ar\/sitio\/wp-json\/wp\/v2\/comments?post=787"}],"version-history":[{"count":2,"href":"https:\/\/ensaltagracia-cba.infd.edu.ar\/sitio\/wp-json\/wp\/v2\/pages\/787\/revisions"}],"predecessor-version":[{"id":1356,"href":"https:\/\/ensaltagracia-cba.infd.edu.ar\/sitio\/wp-json\/wp\/v2\/pages\/787\/revisions\/1356"}],"wp:attachment":[{"href":"https:\/\/ensaltagracia-cba.infd.edu.ar\/sitio\/wp-json\/wp\/v2\/media?parent=787"}],"curies":[{"name":"wp","href":"https:\/\/api.w.org\/{rel}","templated":true}]}}