{"id":797,"date":"2018-08-30T12:15:54","date_gmt":"2018-08-30T15:15:54","guid":{"rendered":"https:\/\/ensaltagracia-cba.infd.edu.ar\/sitio\/regimen-de-correlatividades\/"},"modified":"2024-03-12T20:21:14","modified_gmt":"2024-03-12T23:21:14","slug":"regimen-de-correlatividades-pep","status":"publish","type":"page","link":"https:\/\/ensaltagracia-cba.infd.edu.ar\/sitio\/regimen-de-correlatividades-pep\/","title":{"rendered":"R\u00e9gimen de Correlatividades PEP"},"content":{"rendered":"<table width=\"500\">\n<tbody>\n<tr>\n<td colspan=\"2\" width=\"500\"><strong>PROFESORADO DE EDUCACI\u00d3N PRIMARIA<\/strong><\/td>\n<\/tr>\n<tr>\n<td width=\"250\"><strong>UNIDAD CURRICULAR\u00a0\u00a0\u00a0\u00a0\u00a0\u00a0\u00a0\u00a0\u00a0\u00a0\u00a0\u00a0<\/strong><\/td>\n<td width=\"250\"><strong>UNIDAD CURRICULAR CORRELATIVA<\/strong><\/td>\n<\/tr>\n<tr>\n<td width=\"250\"><strong>Regularizadas<\/strong>:\u00a0Pedagog\u00eda y Psicolog\u00eda y Educaci\u00f3n<\/td>\n<td width=\"250\">Did\u00e1ctica General<\/td>\n<\/tr>\n<tr>\n<td width=\"250\"><strong>Regularizada:<\/strong>\u00a0Pedagog\u00eda<\/td>\n<td width=\"250\">Historia y Pol\u00edtica de la Educaci\u00f3n Argentina<\/td>\n<\/tr>\n<tr>\n<td width=\"250\"><strong>Regularizada:<\/strong>\u00a0Psicolog\u00eda y Educaci\u00f3n<\/td>\n<td width=\"250\">Sujetos de la Educaci\u00f3n y Convivencia Escolar<\/td>\n<\/tr>\n<tr>\n<td width=\"250\"><strong>Aprobada<\/strong>:\u00a0Desarrollo del Pensamiento Matem\u00e1tico<\/td>\n<td width=\"250\">Matem\u00e1tica y su Did\u00e1ctica I<\/td>\n<\/tr>\n<tr>\n<td width=\"250\"><strong>Regularizada:<\/strong>\u00a0Matem\u00e1tica y su Did\u00e1ctica I<\/td>\n<td width=\"250\">Matem\u00e1tica y su Did\u00e1ctica II<\/td>\n<\/tr>\n<tr>\n<td width=\"250\"><strong>Aprobada:<\/strong>\u00a0Oralidad, Lectura y Escritura<\/td>\n<td width=\"250\">Lengua y su Did\u00e1ctica\u00a0 I<\/td>\n<\/tr>\n<tr>\n<td width=\"250\"><strong>Regularizada:<\/strong>\u00a0Lengua y su Did\u00e1ctica I<\/td>\n<td width=\"250\">Alfabetizaci\u00f3n Inicial<\/td>\n<\/tr>\n<tr>\n<td width=\"250\"><strong>Regularizada:<\/strong>\u00a0Ciencias Sociales y su Did\u00e1ctica I<\/td>\n<td width=\"250\">Ciencias Sociales y su Did\u00e1ctica II<\/td>\n<\/tr>\n<tr>\n<td width=\"250\"><strong>Regularizada:<\/strong>\u00a0Ciencias Naturales y su Did\u00e1ctica I<\/td>\n<td width=\"250\">Ciencias Naturales y su Did\u00e1ctica II<\/td>\n<\/tr>\n<tr>\n<td width=\"250\"><strong>Aprobada:<\/strong>\u00a0Pr\u00e1ctica Docente I<\/p>\n<p>Problem\u00e1ticas Socioantropol\u00f3gicas en Educaci\u00f3n.<\/td>\n<td width=\"250\">Pr\u00e1ctica Docente II: Escuelas, Historias Documentadas y\u00a0Cotidianeidad.<\/td>\n<\/tr>\n<tr>\n<td width=\"250\"><strong>Aprobada::<\/strong>\u00a0Pr\u00e1ctica Docente II\u00a0Did\u00e1ctica General<\/p>\n<p>Dos de las Did\u00e1cticas espec\u00edficas.<\/td>\n<td width=\"250\">Pr\u00e1ctica Docente III: El Aula, Espacio del Ense\u00f1ar y del Aprender<\/td>\n<\/tr>\n<tr>\n<td width=\"250\"><strong>Aprobadas:<\/strong>\u00a0Pr\u00e1ctica Docente III y todas las Did\u00e1cticas espec\u00edficas de 2\u00aa a\u00f1o, y al menos dos de las Did\u00e1cticas espec\u00edficas de 3\u00ba a\u00f1o, incluido el seminario de Alfabetizaci\u00f3n Inicial.<\/p>\n<p><strong>Regularizadas:<\/strong>\u00a0las otras dos Did\u00e1cticas espec\u00edficas de 3\u00ba\u00a0a\u00f1o.<\/td>\n<td width=\"250\">Pr\u00e1ctica Docente IV y Residencia:\u00a0Recrear las Pr\u00e1cticas Docentes.<\/td>\n<\/tr>\n<\/tbody>\n<\/table>\n","protected":false},"excerpt":{"rendered":"<p>PROFESORADO DE EDUCACI\u00d3N PRIMARIA UNIDAD CURRICULAR\u00a0\u00a0\u00a0\u00a0\u00a0\u00a0\u00a0\u00a0\u00a0\u00a0\u00a0\u00a0 UNIDAD CURRICULAR CORRELATIVA Regularizadas:\u00a0Pedagog\u00eda y Psicolog\u00eda y Educaci\u00f3n Did\u00e1ctica General Regularizada:\u00a0Pedagog\u00eda Historia y Pol\u00edtica de la Educaci\u00f3n Argentina Regularizada:\u00a0Psicolog\u00eda y Educaci\u00f3n Sujetos de la Educaci\u00f3n y Convivencia Escolar Aprobada:\u00a0Desarrollo del Pensamiento Matem\u00e1tico Matem\u00e1tica y su Did\u00e1ctica I Regularizada:\u00a0Matem\u00e1tica y su Did\u00e1ctica I Matem\u00e1tica y su Did\u00e1ctica II Aprobada:\u00a0Oralidad, Lectura &#8230; <a title=\"R\u00e9gimen de Correlatividades PEP\" class=\"read-more\" href=\"https:\/\/ensaltagracia-cba.infd.edu.ar\/sitio\/regimen-de-correlatividades-pep\/\" aria-label=\"More on R\u00e9gimen de Correlatividades PEP\">[+]<\/a><\/p>\n","protected":false},"author":259,"featured_media":0,"parent":0,"menu_order":0,"comment_status":"closed","ping_status":"closed","template":"","meta":[],"acf":[],"_links":{"self":[{"href":"https:\/\/ensaltagracia-cba.infd.edu.ar\/sitio\/wp-json\/wp\/v2\/pages\/797"}],"collection":[{"href":"https:\/\/ensaltagracia-cba.infd.edu.ar\/sitio\/wp-json\/wp\/v2\/pages"}],"about":[{"href":"https:\/\/ensaltagracia-cba.infd.edu.ar\/sitio\/wp-json\/wp\/v2\/types\/page"}],"author":[{"embeddable":true,"href":"https:\/\/ensaltagracia-cba.infd.edu.ar\/sitio\/wp-json\/wp\/v2\/users\/259"}],"replies":[{"embeddable":true,"href":"https:\/\/ensaltagracia-cba.infd.edu.ar\/sitio\/wp-json\/wp\/v2\/comments?post=797"}],"version-history":[{"count":6,"href":"https:\/\/ensaltagracia-cba.infd.edu.ar\/sitio\/wp-json\/wp\/v2\/pages\/797\/revisions"}],"predecessor-version":[{"id":2429,"href":"https:\/\/ensaltagracia-cba.infd.edu.ar\/sitio\/wp-json\/wp\/v2\/pages\/797\/revisions\/2429"}],"wp:attachment":[{"href":"https:\/\/ensaltagracia-cba.infd.edu.ar\/sitio\/wp-json\/wp\/v2\/media?parent=797"}],"curies":[{"name":"wp","href":"https:\/\/api.w.org\/{rel}","templated":true}]}}